et w(a) = -a**2 - a + 6. Give w(l).
-14
Suppose 12 = 4*b - 4*a, -4*b + 1 + 8 = -3*a. Let i = -5 - b. Let x(r) = r + 11. What is x(i)?
6
Let a(j) = -3*j**2. Suppose -5*c = 0, 0 = -2*q + 3*c - 2. Determine a(q).
-3
Let i(f) = -2*f**3 + 2*f**2 - 1. Let k = 35 - 33. What is i(k)?
-9
Let y(g) = 3*g + 1. Let a(i) = 1 - 4*i**2 + 3*i + 0*i**2 - 4*i**3 + 3*i**3. Let v be a(-5). Suppose 5*q - 15 = -x, q + v = 5*x - 12. Give y(q).
7
Suppose -12 = 4*w + 4. Let y(n) = -n**3 - 3*n**2 + 5*n + 6. Let d be y(w). Suppose -3*c + d = 5. Let x(i) = -2*i**3 + i**2. Give x(c).
3
Let h = 10 - 6. Let u(f) = -4 - f**3 + 2*f**3 + 3*f**2 - f + f**2 - 2*f**3. Determine u(h).
-8
Let s = -6 + 4. Let h(y) = -5*y - 1. What is h(s)?
9
Let s(x) = -6 + 18 - 6*x**2 - 5*x + 7*x**2 - 7. Give s(5).
5
Suppose 31 = -m - 5*t, 0*m + 2*m = 2*t - 2. Let a(v) = -3*v + 2. Let z(i) = 16*i - 9. Let c(k) = 5*a(k) + z(k). Determine c(m).
-5
Let u = -1 + 0. Let p = -1 + u. Let c(o) = -o**3 - o**2 - o + 4. Let t(w) = w**3 + w**2 + w - 3. Let d(r) = 2*c(r) + 3*t(r). Determine d(p).
-7
Let a(b) be the second derivative of -5*b**3/6 + b**2/2 + 7*b. Let g(n) = -n**2 + n + 1. Let c be g(-1). Determine a(c).
6
Let p(n) = -n. Let s(z) = 7*z - 2. Let r(f) = 6*p(f) + s(f). Calculate r(-8).
-10
Let t(q) be the third derivative of -q**4/8 + q**3/2 - 33*q**2 + 1. Give t(2).
-3
Let t(y) = -y**2 - 14*y - 4 + 16*y + 1 + 2. Determine t(2).
-1
Let t(n) = -n**3 + 5*n**2 - 2*n + 4. Let i(b) = 2*b**2 - 5*b + 4. Let a be i(3). Suppose -4*x - 5*y + 63 = 0, 2*x - 3*y = -4*y + 27. Let p = x - a. Give t(p).
-6
Let j(f) = -2*f - 4. Let y be j(-6). Suppose -5*d + y = -2. Let x(c) = -3*c**3 + 4 - 4*c**3 + 4*c - 6*c**d + 6*c**3 + 3*c**2. Calculate x(-4).
4
Let o(i) = 5*i + 1. Let z be (6 - 3) + 2/(-1). Determine o(z).
6
Let g(u) = -6*u + 7. Let f(n) = 5*n - 54. Let p be f(12). Give g(p).
-29
Let y(u) = -3*u**3 - u**2 + u + 1. Let k be y(-1). Suppose -5 + 4 = -k*h + 5*c, 3*c - 3 = 3*h. Let v(l) = l**3 - 2*l + 1. What is v(h)?
-3
Suppose f - 2 - 1 = 0. Suppose -7*i = -3*i - f*r + 11, 5*r = -3*i + 28. Let l(t) = -i - t - 5 + 1. Calculate l(0).
-5
Let k(u) = -8*u - 4 + 2 - 1 - u**2. Suppose 0 = 11*n + 6*n + 136. Give k(n).
-3
Let i = -6 + 9. Let t be 3 - 1/i*3. Let v(m) = -3*m**3 + 3*m**2. Let l(w) = -w**3 + w**2 - 1. Let g(u) = 2*l(u) - v(u). Calculate g(t).
2
Suppose -5*s - 14 = -4*y, 8*s = -2*y + 3*s - 8. Let r(i) = 6*i**3 - i**2 + i. What is r(y)?
6
Let w(d) be the third derivative of d**6/120 + d**5/20 - d**4/12 + 2*d**3/3 - 7*d**2. What is w(-4)?
-4
Let b(z) = 4 + 2*z + 28 - 7*z. Let q(s) = -s + 14. Let d(f) = 1. Let l(t) = -6*d(t) + q(t). Let r(u) = 2*b(u) - 9*l(u). Calculate r(-6).
-2
Let i(f) = 4*f. Let h be 2/(-1)*2/(-4). Suppose 0 + h = a. What is i(a)?
4
Let o be (5/2)/((-6)/12). Let f(t) = t**2 + 6*t - 1. Give f(o).
-6
Let k(n) be the third derivative of -n**8/3360 + n**7/2520 + n**6/720 + n**5/20 + 3*n**2. Let f(z) be the third derivative of k(z). Let t = 1 + -2. Give f(t).
-7
Let b(r) = -r**2 + 3*r + 4. Let f(j) = j + 1. Let w(d) = -b(d) + 5*f(d). Let c = -2 - -4. Give w(c).
9
Let a(s) = s**3 + 2. Let p(m) = -m - 13. Let u be p(-15). Calculate a(u).
10
Let t(s) = -s**2 - 1. Let d(k) = 5*k**2 - 7*k + 5. Let y(u) = -d(u) - 4*t(u). Give y(4).
11
Let h(p) be the second derivative of p**4/12 - p**3/2 + p**2/2 - p. Let m(o) = -6*o**2 - o. Let b be m(-1). Let v = 7 + b. What is h(v)?
-1
Let w(o) = 0*o**2 + 3*o**2 + 3 - 6*o - 4*o**2 - o. Calculate w(-7).
3
Let i(a) be the third derivative of -a**5/15 + 7*a**4/24 - a**3/3 - a**2. Let d(g) = -g**2 + 1. Let w(j) = 3*d(j) - i(j). Let m = -5 + 10. Determine w(m).
-5
Let r(g) = 1. Let h(t) = -t. Let m(l) = -4*h(l) + 4*r(l). Calculate m(-4).
-12
Let m(x) = 3*x**3 + x**2 - x - 1. Let r be m(-1). Let s(w) = -w**3 + 3*w**2 + 3*w + 1. What is s(r)?
15
Let u(i) be the third derivative of -i**4/24 + i**3/3 - 7*i**2. What is u(2)?
0
Let r(i) = i + 9 - 3*i**2 + 4*i**3 - i. Let s(z) = -3*z**3 + 4*z**2 - z - 8. Let a(k) = 2*r(k) + 3*s(k). What is a(5)?
4
Let g(f) = -f**3 + 10*f**2 - 10*f + 12. Suppose 5*l - 35 = 6*m - 4*m, -5*l - 2*m + 55 = 0. Calculate g(l).
3
Suppose -4*f - f + 35 = -5*m, 4*f = 5*m + 31. Suppose 2*b + f - 28 = 0. Let j be (-64)/b - 1/(-3). Let p(u) = -u**3 - 5*u**2 - u - 7. Determine p(j).
-2
Let h(b) be the third derivative of b**6/30 - b**5/60 - b**4/24 - b**3/6 + b**2. Let k(v) = -3*v - 22. Let d be k(-7). Calculate h(d).
-5
Suppose -4*v - 56 = -3*c - 5*v, -2*v - 32 = -2*c. Suppose -g + 14 = g + 5*j, -c = -5*g - 4*j. Let r(t) = -2*t + g*t - 2*t. Calculate r(-3).
6
Suppose 1 = -4*m + 2*o + 3, -3*m - 3 = 3*o. Let v(r) be the third derivative of 1/2*r**3 + r**2 + m*r + 0 + 1/24*r**4. Determine v(-5).
-2
Let c(o) be the second derivative of o**5/10 - o**4/12 - o**3/6 + o**2/2 - 2*o - 6. What is c(1)?
1
Let r = -16 - -16. Let y(q) = -q**2 - 6. Calculate y(r).
-6
Suppose 5*l = 2*l - 5*y + 28, 0 = -l + y + 4. Let f(a) = a - 10. What is f(l)?
-4
Let j(r) = 2*r + 7. Suppose 2*h - 2*m + 14 = -0*h, 4*m = -2*h - 2. Give j(h).
-3
Let x = -2 + 4. Suppose 0 = -2*k + 4*l - 20 + 6, -x*l = -5*k - 27. Let a(u) = -u**2 - 4*u - 7. Give a(k).
-12
Let k(f) = 9*f**3 - 23*f**2 - 11*f + 17. Let n(c) = -5*c**3 + 12*c**2 + 6*c - 8. Let b(l) = -4*k(l) - 7*n(l). Determine b(8).
4
Let g(n) = -n**3 + 4*n**2 + 2*n - 4. Suppose q - 2*q - 8 = 0. Let c be 4/(-16) + (-26)/q. Determine g(c).
11
Let g(x) be the third derivative of -x**5/60 - x**3/3 + 2*x**2. Suppose 0 = 4*l + l + 25. Let c(w) = -w - 7. Let i be c(l). Give g(i).
-6
Let g(o) be the first derivative of -o**4/6 + o**3/6 - o**2/2 + 3. Let m(q) be the second derivative of g(q). What is m(-2)?
9
Let x(w) = 2*w**3 - 4*w**2 + w + 2. Let z = 12 + -15. Let t be -7 - (0 - (-2)/(-1)). Let n = z - t. What is x(n)?
4
Let y(z) = -z**2 + 6*z - 6. Suppose -16*q = -18*q + 8. Calculate y(q).
2
Let b(a) = -a**2 + a - 1. Let p be (-8)/(-5) + (-3)/5. Calculate b(p).
-1
Suppose -4*o - 4 = 4. Let a = 0 - o. Let d(p) = 4*p**2 - 2*p**a - 1 - p**3 - p**2. Give d(0).
-1
Let m(w) = -w - 15. Let r = -5 - 3. Calculate m(r).
-7
Let c(r) be the second derivative of -r**3/6 + 5*r**2/2 - 2*r. Let b(z) = z + 22. Let i be b(-16). Give c(i).
-1
Let p(s) = 2*s**2 + s - 2. Let b(v) = v - 5. Let a be b(2). Give p(a).
13
Let k(p) be the second derivative of -p**4/12 - 3*p. Let d(s) = s**3 - 4*s**2 + 1. Let r be d(4). What is k(r)?
-1
Let l(c) be the second derivative of c**5/20 + c**4/3 + c**3/3 + c**2/2 - 4*c. Let m be 9/6*8/(-3). What is l(m)?
-7
Let c(d) = -d**3 + 3*d**2 + 3*d - 3. Suppose 5 = 2*n - 1. Calculate c(n).
6
Let j(h) = 4*h + 2. Let g = -1 - 2. Let b(k) = k**3 + 2*k**2 - 3*k - 2. Let x be b(g). Calculate j(x).
-6
Let q be (2/3)/((-8)/(-588)). Let d = 29 - q. Let r be (-1)/3 - d/6. Let y(x) = -x + 1. Give y(r).
-2
Let a(r) = -r**2 - r**2 - 1 - r + 2. Let d be a(1). Let m(p) = -7*p - 2. Calculate m(d).
12
Let t be 3/(-9) - (-14)/6. Let u be 45/10*t/3. Let o(r) be the second derivative of -r**4/12 + r**3/2 + r**2 + r. Give o(u).
2
Let h(z) = z - 8. Let t be h(5). Suppose -3*i = 1 - 7. Let l(o) = -3*o**2 + 4*o**i + 0*o**2 - 1. Give l(t).
8
Let z be (111/12 - 3)*4. Let i(l) = -2*l**2 + 4 + 3*l**2 + z*l - 25*l. Calculate i(0).
4
Let m(i) = -i - 5. Let c be m(-7). Let d(p) = -3 - p + 2*p**c - p - p**2. Give d(-2).
5
Let a(s) = -s**3 - 2*s**2 + s - 4. Suppose 4*z + z = -15. Let m be z/18*2*9. What is a(m)?
2
Let k(o) = 3*o**2 - 2*o - 3. Let n(a) = 4*a**2 - 3*a - 4. Let u(v) = -5*k(v) + 4*n(v). Calculate u(4).
7
Let q(l) be the second derivative of 3*l + 2*l**2 + 5/6*l**3 + 1/12*l**4 + 0. Calculate q(-6).
10
Let a(p) = -3*p + 3. Let u(h) = 25*h - 32. Let g(r) = 13*r - 16. Let j(z) = -5*g(z) + 2*u(z). Let l(d) = -11*a(d) + 2*j(d). Calculate l(3).
8
Let j(k) = k**2 + 2*k - 1. Let c(u) = u**3 + 10*u**2 + 2*u + 17. Let w be c(-10). Give j(w).
2
Let b(l) = 4*l**2 - 1. Let k(i) = -9*i**2 + 3. Let p(f) = -7*b(f) - 3*k(f). What is p(0)?
-2
Let u be 4/(-6) - 96/(-9). Let a = u + -5. Suppose a*s - 19 = -2*v, 3*s - 2*s = 3. Let i(f) = 3*f - 3. Calculate i(v).
3
Let x(a) = a**2 + 8*a - 11 + 0 + 16. Give x(-7).
-2
Let r(p) = -p**3 + 3*p**2 + 2. Suppose 0*j + 39 = 2*j + 5*w, -75 = -5*j - 5*w. Suppose -j = -5*l - 2. Suppose -o + 5 - l = 0. Calculate r(o).
2
Suppose 0*s + 5*u + 32 = 2*s